he units digit of h?
2
Let g(f) be the first derivative of -f**3/3 - 7*f**2/2 + 5*f + 1. Suppose 0 = -q - r - 7, 5*q + r = q - 25. What is the units digit of g(q)?
1
Suppose -n - 25 = 3*n + 5*g, -3*n - g = 5. Let f be n/(-1) - 1*-20. Suppose 60 = 5*p + f. What is the units digit of p?
8
Let u(h) = h**3 + 11*h**2 + 10*h + 7. Let r(t) = 2*t**3 + 23*t**2 + 21*t + 15. Let x(w) = -6*r(w) + 13*u(w). What is the units digit of x(-4)?
1
Let s = 2 - 7. Let r(k) = 7*k**2 + 3*k - 3. Let g(a) = 10*a**2 + 5*a - 5. Let u(q) = 5*g(q) - 7*r(q). What is the units digit of u(s)?
1
What is the units digit of -4 - (-18 - 4/2)?
6
Suppose -252 = -19*f + 15*f. What is the tens digit of f?
6
Suppose 4*o + 2*k = 2 + 6, -20 = 3*o - 5*k. What is the units digit of o + 16 - (-2)/(-2)?
5
Let s = -679 + 1009. What is the hundreds digit of s?
3
Let y(z) be the first derivative of z**2 - 4*z - 1. What is the units digit of y(6)?
8
Let l be 1 + -1 - 1 - -3. Suppose -4*s - 48 = -2*b - l*b, b = -5*s - 12. What is the units digit of b?
8
Suppose 5*r + 3*j + 4 = 0, -3*r - j = 2*j. What is the units digit of 0*(-3 - r) + 16?
6
What is the tens digit of ((-18)/(-27))/((-4)/(-150))?
2
Let x(i) = -i**3 - 3*i**2 + 5*i - 7. Let w = 8 - 13. Let t be x(w). Suppose 2*d - 10 = -z, 3*z = -d - d + t. What is the units digit of d?
3
Suppose -5*s + 298 = -4*b, -3*b + 189 = 3*s - 2*b. Suppose 0 = 5*w + 12 - s. What is the units digit of w?
0
Let b = 147 + -87. What is the tens digit of b?
6
What is the units digit of (-1)/(4 + 1785/(-445))?
9
What is the units digit of (-1)/4 - 458/(-8)?
7
Let d = 69 + -32. What is the units digit of d?
7
Let x = 2 - -6. Suppose -5*a = -x - 2. What is the units digit of a?
2
Suppose y + 4*v = -4*y + 670, -3*y = -5*v - 402. What is the tens digit of y?
3
Let k be ((-1)/2)/((-2)/20). Suppose k*j + 5*g = 4 + 21, -j + 2*g - 7 = 0. What is the units digit of j?
1
Let b be (-1*1)/((-2)/6). Suppose 3*t + 30 = -5*i + 10, 2*i + 8 = -b*t. Let y = i + 11. What is the units digit of y?
7
Suppose 5*s - 5 - 30 = 0. Suppose 0 = 5*l - s - 18. What is the units digit of l?
5
Suppose 5*d - 8 = h - 22, h = -3*d - 10. What is the units digit of h + 3 - (3 + -4)?
3
Let c = -13 - -19. Let i be (-4)/(c/(-9) + 0). Suppose 0 = -0*v - 2*v + i. What is the units digit of v?
3
Let v = 16 - 14. What is the tens digit of v/((-4)/(-90)) - -2?
4
Suppose -n + 882 = 4*x, -1113 = 2*x - 7*x + 4*n. What is the hundreds digit of x?
2
Let k = 3 + -12. What is the tens digit of (-28)/(-3) - 6/k?
1
Let j = -2 + 4. Let t be j*4/((-2)/(-1)). Suppose t*z - 2 - 2 = 0. What is the units digit of z?
1
Suppose 3*b - 3*c = 24, -3*c - 21 - 11 = -5*b. Suppose -2 = -b*y + 6. What is the units digit of y?
2
Let a(c) = c**2 + c. Let m(v) = -2*v**3 + 5*v**2 + 3*v - 3. Let n(l) = -6*a(l) + m(l). Let z be n(-2). Suppose 0 = -5*b + 30 + z. What is the units digit of b?
9
Suppose 2*k - 7 = -3*f - 0*k, 17 = 4*f - 5*k. Suppose 0 = -0*q - q + f. What is the units digit of q?
3
Let v = 11 - 8. Let t = v - 1. Suppose -5*s = -4*l - s + 108, -3*l + t*s + 76 = 0. What is the tens digit of l?
2
Let d(q) be the first derivative of 5/3*q**3 + 1/4*q**4 - 2*q**2 - 6*q - 4. What is the units digit of d(-5)?
4
Suppose -2*s = -5*l, -4*l - 4*s + 28 = -0*s. Let d be 0 + 4/2 + 2. Suppose d = t + l. What is the units digit of t?
2
Suppose 2*u + 2*n - 29 = 3*n, -2*n - 7 = -u. Suppose 3*i = 3*k + 13 + u, 4*i - 48 = -4*k. What is the tens digit of i?
1
Let j(f) = f**3 + 5*f**2 - f - 4. Let c be 5*(-3)/(1/(-1)). Suppose -4*h + h - c = 0. What is the units digit of j(h)?
1
Let t(u) = u**3 + 7*u**2 - 9*u - 8. What is the units digit of t(-7)?
5
Let i(r) = -r**3 + 7*r**2 + 2*r - 2. What is the tens digit of i(4)?
5
Let z(m) = -m**2 - 7*m - 3. Let d be z(-6). Let j be 13/4 + (-6)/(-8). Suppose 0 = -3*t - j*q + 18, 0 = 4*q - d*q. What is the units digit of t?
6
Let w be (-4)/4*(15 - 0). What is the units digit of w*((-12)/10)/3?
6
Let m = 96 + -54. What is the units digit of m?
2
Suppose 29 = x + 4*a + 10, -4*a - 116 = -4*x. What is the tens digit of x?
2
Let t = 3 + -1. Suppose i + 3*u = -16, 0 = t*i + 3*i + 5*u + 70. Let d = i - -31. What is the tens digit of d?
1
Suppose 2*o - 4 = -0*o. Suppose l + l = -4*y - 4, -o*l = 5*y + 9. What is the units digit of l?
8
Suppose -4*s + 3 = -9. Suppose -5*b + s*b - 18 = -2*k, 4*b - 28 = -4*k. What is the units digit of k?
8
Suppose 4*a + 5 - 1 = 0. Let m be 2 + 12/(a + 3). Let o = m - 5. What is the units digit of o?
3
Let s(z) = 0*z**2 + 9 - z - z**2 - 8*z - 2*z. What is the units digit of s(-11)?
9
Let w(f) = 2*f - 12. Let t be w(7). Let m(b) = 7*b**3 - 3*b**2 + 3*b - 2. What is the units digit of m(t)?
8
Let k be 0*(6/(-4))/3. Let q = 0 - k. Suppose u + q*u - 3 = 0. What is the units digit of u?
3
What is the tens digit of 4/(-8)*33*-2?
3
Let n be ((-4)/(-5))/(20/(-50)). Let c be 236/6 + 1/(-3). What is the units digit of c/15 - n/5?
3
Let s(g) = -1. Let m(p) be the second derivative of -p**3/6 + p**2/2 + 3*p. Let c(j) = m(j) + 4*s(j). What is the units digit of c(-11)?
8
Suppose b - 8 = -17. What is the units digit of 15*(0 - 3/b)?
5
Let g(v) = -v**2 - 5*v + 6. Let n be g(-6). Let i(o) = 2*o - o + n*o. What is the units digit of i(4)?
4
Let m(s) = -s**2 - 25*s - 22. What is the tens digit of m(-17)?
1
Suppose 3*s + 4*m = -25, 2*s + 5 = -m - 4*m. What is the tens digit of 3/((-18)/s + -1)?
1
Let k = -4 - -7. Suppose k*s - 21 = -3*t, s - 38 = -5*t - 3*s. What is the tens digit of (42/(-4))/((-5)/t)?
2
Let i(g) be the first derivative of -3*g**2 - 2*g - 2 + 4*g**2 - 4*g**2. What is the units digit of i(-2)?
0
What is the units digit of 2/(5/(-275)*-5)?
2
Let f(t) = t**3 + 10*t**2 + 8*t - 4. Let u be f(-9). Suppose u = 4*i + 1. What is the units digit of i?
1
Let n(y) be the second derivative of -y**5/20 - y**4/2 + 5*y**2/2 - y. Let o be n(-6). Suppose -5*p = -o*x - 20, p = -2*x + 3 + 4. What is the units digit of p?
5
Let w(t) = t - 7. Let m(z) = -z + 8. Let l(s) = -3*m(s) - 4*w(s). Let v = -23 + 17. What is the tens digit of l(v)?
1
Suppose 2*a = 5*o + 23, 0 = a - 0*o - o - 4. What is the units digit of -3 - (a + 2)*-9?
6
Suppose 0 - 1 = t. Let k(m) = m**3 + 2*m**2 - 1. Let j be k(t). Let y = 2 + j. What is the units digit of y?
2
Let a = -118 + 169. What is the tens digit of a?
5
Let p(y) = y**3 - 6*y**2 - 10*y + 17. What is the units digit of p(8)?
5
Suppose -3*j = 3*s - 2*j + 10, 0 = -2*j + 4. What is the units digit of (-41)/s - 2/8?
0
Suppose 0 = 3*g - 21 - 18. Let w = g - 3. What is the tens digit of w?
1
Suppose 0 = -2*d - 0*d + 42. Suppose -d + 102 = 3*a. What is the units digit of a?
7
Suppose 0 = -3*u + 48 + 51. What is the units digit of u?
3
Suppose -3*t = -6*t - 30. Let h = 4 + -10. Let x = h - t. What is the units digit of x?
4
Suppose -4*o = -10 + 2. Suppose o*p - 30 = -p. What is the units digit of p?
0
Let o = 271 - -12. What is the hundreds digit of o?
2
Let h = 20 + -22. Let b = 9 + h. What is the units digit of b?
7
Let l = 7 + -4. Suppose -w + 3 = -5*j + 4*j, -j = l*w + 3. What is the units digit of 90/5*(-2)/j?
2
Let h be ((-11)/2)/((-2)/4). Suppose h = 2*a - 5*u, -2*a - a + 2*u + 11 = 0. What is the units digit of a?
3
Let v(j) be the first derivative of -j**2/2 + 6*j + 2. What is the tens digit of v(-6)?
1
Let a = 18 + -13. What is the units digit of 1 - a/(5/(-2))?
3
Let v(q) = q**3 - 5*q**2 + 4*q + 3. Let n be v(4). What is the tens digit of n*-1*100/(-6)?
5
Suppose 25 = 5*a, -s + 5*s - 2*a + 102 = 0. Let t = s - -36. Suppose 3 - t = -2*h. What is the units digit of h?
5
Let j = 33 - -28. Suppose u - 13 = -4*o, 0 = -2*u + 5*u + o - j. What is the units digit of u?
1
Suppose h + 5*m = 3*h - 103, 2*h + m = 97. What is the units digit of h?
9
What is the hundreds digit of 159 - 2/(-6)*-9 - 1?
1
Let n(k) = -11*k - 7. What is the units digit of n(-7)?
0
Let k be (0*1*-1)/1. Let l = 7 + -8. What is the units digit of k + (-3)/(-1) + l?
2
Suppose 3*g = 7*g - 48. What is the units digit of g?
2
Suppose 0 = 41*f - 36*f - 450. What is the units digit of f?
0
Let g(j) = j**3 + 7*j**2 + 8*j + 4. Let s(n) = n**3 + 6*n**2 - 6*n + 2. Let q be s(-7). Let c be g(q). Suppose -4*p + 6*p - c = 0. What is the units digit of p?
7
Let h(d) = d + 3. Let c be h(-6). Let r = c + 6. Let v = r + -1. Wh